*l - 1. What is n(-1)?
53
Let v(k) = 2*k - 8. Give v(5).
2
Let o(l) = -4*l + 2. What is o(-8)?
34
Let j(r) = 5*r - 21. Determine j(6).
9
Let a(l) = l**2. Calculate a(-1).
1
Let q(d) = 5*d - 137. Determine q(27).
-2
Let t(k) = 4*k - 53. What is t(11)?
-9
Let a(i) = 3*i - 85. What is a(30)?
5
Let u(n) = -n**3 + 8*n**2 + 8*n - 5. Calculate u(9).
-14
Let d(m) = -2*m**2 + 4*m + 4. Calculate d(-4).
-44
Let a(z) = z**3 - 4*z**2 - 24*z + 19. What is a(7)?
-2
Let s(i) = -i**2 + 8*i - 9. Calculate s(4).
7
Let t(b) = 3*b**2 - 14*b + 41. Calculate t(4).
33
Let y(r) = -9*r**2 + r + 1. What is y(2)?
-33
Let m(k) = k**2 - k - 1. Calculate m(3).
5
Let r(w) = -7*w + 92. Calculate r(12).
8
Let a(s) = -s**2 + 13*s + 73. Determine a(-4).
5
Let y(r) = 12*r + 11. Determine y(-10).
-109
Let i(w) = w**3 - 12*w**2 - 8. Determine i(12).
-8
Let a(q) = q**3 - 8*q**2 - 10*q - 11. Determine a(9).
-20
Let k(s) = -s**2 + 5*s - 2. Give k(9).
-38
Let p(b) = -3*b. Calculate p(1).
-3
Let c(l) = l + 5. Calculate c(0).
5
Let t(m) = m**2 + 3*m - 3. Give t(3).
15
Let d(i) = 16*i + 10. Determine d(-7).
-102
Let r(x) = -x**2 + 8*x + 6. Determine r(9).
-3
Let b(j) = 7*j**2 - 1. Determine b(1).
6
Let q(g) = 10*g - 3. Calculate q(-4).
-43
Let r(d) = d - 16. Give r(22).
6
Let q(r) = -2*r**2 + 35*r - 58. Determine q(9).
95
Let k(s) = -s**3 - 12*s**2 - s - 18. Determine k(-12).
-6
Let o(v) = -2*v + 19. What is o(6)?
7
Let c(l) = l**2 - 17*l + 80. Give c(8).
8
Let r(c) = -7*c - 42. Give r(-7).
7
Let c(m) = 3*m**3 - 2*m + 1. Determine c(1).
2
Let u(p) = -2*p**2 - 2*p - 6. Determine u(0).
-6
Let r(k) = k**2 - 16*k + 4. Calculate r(15).
-11
Let w(r) = -r**3 + 18*r**2 - 2. Calculate w(18).
-2
Let j(k) = -2*k - 9. Determine j(8).
-25
Let u(n) = -2*n**2 - 18*n - 42. Determine u(-5).
-2
Let l(h) = h + 9. What is l(0)?
9
Let j(m) = 13*m**3 - 2*m - 1. Determine j(-1).
-12
Let t(i) = -21*i + 7. What is t(-1)?
28
Let t(o) = -o**3 - 8*o**2 - 11*o - 16. Determine t(-7).
12
Let z(k) = -k - 11. Determine z(-18).
7
Let o(x) = 7*x + 50. Give o(-11).
-27
Let s(j) = 8*j + 148. Give s(-17).
12
Let k(v) = v**3 - 6*v**2 + 6*v - 1. Determine k(4).
-9
Let m(s) = -s**3 + 2*s**2 - s. Give m(4).
-36
Let y(j) = 2*j**2 - j - 38. Give y(5).
7
Let a(w) = w**3 + w + 5. Give a(0).
5
Let c(t) = -t**2 + 2*t + 18. What is c(-3)?
3
Let j(k) = -66*k - 256. Determine j(-4).
8
Let w(i) = -i - 3. Give w(-3).
0
Let k(j) = j**3 - 4*j - 7. What is k(-3)?
-22
Let o(i) = -3*i + 7. Give o(2).
1
Let x(m) = -12*m + 7. Give x(-4).
55
Let d(p) = p**3 - 8*p**2 - 11*p + 16. Calculate d(9).
-2
Let x(t) = -5*t - 4. What is x(2)?
-14
Let s(b) = -b**3 + 8*b**2 - 13*b + 13. Determine s(5).
23
Let n(z) = z**3 + 32*z**2 + 62*z + 53. Determine n(-30).
-7
Let m(v) = v**2 - 7*v - 23. Give m(10).
7
Let w(u) = u - 11. What is w(8)?
-3
Let v(w) = -w**2 + 28*w - 59. Determine v(26).
-7
Let w(n) = 11*n - 13. What is w(4)?
31
Let v(g) = -g**3 - 2*g**2 - g + 2. Determine v(2).
-16
Let m(u) = -u**3 - 4*u**2 - 2*u + 1. What is m(-2)?
-3
Let g(u) = u**2 + 6*u + 7. What is g(-2)?
-1
Let n(g) = -2*g + 19. Determine n(-9).
37
Let l(a) = -a**2 + 12*a + 17. What is l(12)?
17
Let o(g) = 2*g**3 + 2*g**2 + 2. Give o(-3).
-34
Let a(l) = 16*l + 128. Determine a(-8).
0
Let m(h) = h**3 - 4*h**2 - 13*h + 46. Determine m(4).
-6
Let s(u) = -u**3 + 2*u**2 + 23*u. Calculate s(6).
-6
Let b(t) = 6*t + 105. What is b(-15)?
15
Let r(q) = 25*q - 71. What is r(4)?
29
Let d(o) = -5*o**2 + 4*o - 4. Give d(3).
-37
Let i(o) = -5*o - 1. Give i(-2).
9
Let u(z) = -19*z**2 - 3*z + 1. Determine u(1).
-21
Let f(t) = -t**3 - 3*t - 6. Calculate f(-3).
30
Let a(w) = -8*w**2 + 9*w - 8. What is a(1)?
-7
Let l(v) = -33*v - 91. Determine l(-3).
8
Let k(p) = 7*p + 11. Determine k(-5).
-24
Let g(o) = 27*o + 103. What is g(-4)?
-5
Let k(y) = 6*y + 3. What is k(-3)?
-15
Let j(h) = -7*h + 14. Give j(3).
-7
Let l(v) = v**3 + 3*v**2 + 7*v + 4. What is l(-3)?
-17
Let v(i) = -i**3 - 6*i**2 + 52*i + 33. Determine v(-11).
66
Let t(b) = b**3 - 11*b**2 + 10*b - 6. What is t(10)?
-6
Let v(u) = -u + 32. Calculate v(36).
-4
Let x(t) = -t**3 - 8*t**2 + 7*t + 9. Give x(-5).
-101
Let d(f) = -3*f + 3. What is d(-3)?
12
Let h(t) = -t**2 - 14*t + 12. What is h(-14)?
12
Let o(p) = p**3 - 8*p**2 + 9*p - 6. Determine o(6).
-24
Let n(f) = f**3 - 9*f**2 + 17*f + 3. Give n(7).
24
Let o(m) = m**3 - 5*m**2 - 5*m + 6. What is o(5)?
-19
Let m(y) = -y**2 - y + 22. Give m(-5).
2
Let j(a) = a - 12. Give j(-12).
-24
Let v(y) = 2*y**3 - 102*y**2 + 8*y - 407. Give v(51).
1
Let h(i) = -2*i**2 - 11*i - 10. Calculate h(-5).
-5
Let q(b) = b + 7. What is q(-2)?
5
Let d(y) = y**2 - 36*y + 217. Determine d(28).
-7
Let w(v) = v**2 + 3*v - 67. Calculate w(0).
-67
Let d(k) = -k**3 + k**2 - 2*k + 16. Determine d(0).
16
Let z(g) = 11*g. What is z(-4)?
-44
Let l(i) = -i**2 + 14*i - 6. Give l(14).
-6
Let k(t) = 2*t**2 + 3*t - 48. Give k(-7).
29
Let l(h) = h**3 + 29*h**2 - 62*h. Determine l(-31).
0
Let a(o) = -20*o**3 + o**2. What is a(-1)?
21
Let f(l) = -l**3 - 7*l**2 - 8*l - 3. What is f(-6)?
9
Let l(k) = k**3 - k**2 + 3. Give l(2).
7
Let z(c) = c - 5. Give z(4).
-1
Let j(q) = -2*q - 4. Calculate j(3).
-10
Let x(v) = -21*v**3 + 6*v + 5. Calculate x(-1).
20
Let b(n) = -n**3 - 49*n**2 - 46*n + 100. Calculate b(-48).
4
Let r(i) = 2*i**2 - 2*i + 2. Give r(1).
2
Let i(c) = -c - 3. Give i(-12).
9
Let y(s) = -4*s**2 + 26*s - 36. Calculate y(6).
-24
Let g(s) = -126*s - 249. What is g(-2)?
3
Let j(o) = -o**3 + 14*o**2 + 14*o - 18. Give j(15).
-33
Let b(y) = 5*y - 9. Give b(9).
36
Let i(p) = 2*p**3 + 4*p**2 - p - 7. Calculate i(-2).
-5
Let q(y) = 29*y - 285. Give q(10).
5
Let s(v) = -76*v - 4. Determine s(1).
-80
Let s(w) = w - 7. Determine s(4).
-3
Let n(i) = -47*i**3 - i - 2. Determine n(-1).
46
Let t(n) = 370*n - 373. Determine t(1).
-3
Let z(u) = -u**3 + 4*u**2 - 3*u. Determine z(2).
2
Let x(r) = -3*r - 18. Calculate x(8).
-42
Let x(f) = f**3 - 3*f**2 - 5*f - 8. Calculate x(5).
17
Let p(h) = 6*h - 1. Determine p(2).
11
Let g(a) = -a**3 - 5*a**2 - 6*a + 6. What is g(-6)?
78
Let t(f) = -f**3 + 7*f**2 - 4*f + 3. Calculate t(6).
15
Let k(t) = t**3 + 3*t**2 - 22*t - 41. Calculate k(-2).
7
Let i(v) = -38*v + 37. What is i(-3)?
151
Let d(k) = 3*k**2 + 14*k - 6. Calculate d(-5).
-1
Let c(f) = f**3 + 4*f**2 - 4*f - 2. Calculate c(-4).
14
Let n(l) = l**2 + 16*l - 9. Give n(-13).
-48
Let j(y) = y**2 + 10*y - 44. What is j(4)?
12
Let r(x) = -x**3 - 42*x**2 - 2*x - 82. Give r(-42).
2
Let a(v) = v**2 + 13*v - 19. Calculate a(-14).
-5
Let z(o) = -5*o - 62. Determine z(-14).
8
Let m(z) = -2*z**2 - z - 27. What is m(0)?
-27
Let d(o) = -6*o - 41. Determine d(-6).
-5
Let d(p) = p**3 + 8*p**2 - 32*p + 16. Calculate d(-11).
5
Let b(r) = -r**3 + 5*r**2 + 9*r - 8. What is b(6)?
10
Let r(x) = -2*x + 13. Calculate r(6).
1
Let u(y) = y**3 + 7*y**2 + 8*y - 6. Calculate u(-5).
4
Let y(t) = t**3 - 8*t**2 + 13*t - 36. What is y(7)?
6
Let z(o) = 6*o - 18. Determine z(8).
30
Let o(q) = q**3 + 5*q**2 + 3*q + 22. Determine o(-5).
7
Let m(l) = -2*l + 55. What is m(24)?
7
Let r(b) = -5*b + 45. Determine r(9).
0
Let t(m) = -9*m**3 - 145*m**2 - 18*m - 37. Determine t(-16).
-5
Let j(a) = 7*a + 2. Give j(-2).
-12
Let h(r) = 2*r**2 - 32*r - 157. What is h(20)?
3
Let r(t) = t**3 + 7*t**2 + 2*t + 7. Determine r(-7).
-7
Let c(s) = s**2 + 13*s + 11. Determine c(-12).
-1
Let h(u) = -2*u**3 - u**2 - 2*u - 4. Calculate h(-2).
12
Let s(t) = -t**3 + 7*t**2 + 4*t + 22. Determine s(8).
-10
Let u(q) = -2*q**2 + 21*q - 14. Calculate u(10).
-4
Let r(q) = q**3 + 7*q**2 - 10*q + 1. What is r(-8)?
17
Let c(r) = -24*r**3 - 2*r**2 - r. What is c(-1)?
23
Let f(g) = g**2 - 9*g - 16. Give f(13).
36
Let h(i) = 2*i**3 - 164*i**2 - 3. Calculate h(82).
-3
Let r(n) = 5*n + 2. Determine r(-5).
-23
Let c(k) = k**3 + 7*k**2 + 4*k + 3. What is c(-4)?
35
Let b(r) = -4*r + 37. What is b(15)?
-23
Let g(z) = z**2 + 7*z - 100. Calculate g(-14).
-2
Let t(l) = l**3 - 5*l**2 + 9*l - 4. Calculate t(3).
5
Let c(a) = -5*a + 16. Determine c(3).
1
Let w(s) = -s**3 - 5*s**2 + 15*s - 4. Calculate w(-7).
-11
Let s(p) = 2*p**3 + 20*p**2 + 22*p + 28. What is s(-9)?
-8
Let n(p) = -p**3 - 6*p**2 - 4*p - 3. Determine n(-5).
-8
Let u(q) = q**2 - 16*q + 29. Determine u(12).
-19
Let t(h) = 3*h**3 + 16*h**2 + 6*h + 3. Calculate t(-5).
-2
Let x(w) =